uppose -5*c + c + 10 = j, -5*j - 5*c = -20. What is the tens digit of 177*j*(4 - (-14)/(-4))?
7
Let w be 0/(8/(-2))*-1. Suppose c = -2*j + 3, w*j = -2*c - 5*j + 4. Suppose u = -2*m + c*m - 71, -2*u = -5*m + 67. What is the units digit of m?
5
Suppose -s + 586 = -3*u, -5*s = -51*u + 48*u - 2978. What is the tens digit of s?
9
Let z(l) = 11*l**2 + 10 - 10*l**2 + 1 + 2*l. What is the units digit of z(0)?
1
What is the hundreds digit of ((-5)/(75/(-108)))/((-21)/(-700))?
2
Suppose 29*g = 30*g - 188. What is the tens digit of g?
8
Suppose -7*k + 6*k = -3*k. What is the hundreds digit of k - 15/5 - -151?
1
Suppose 3*y + 3*x = 5*y - 1209, -2*x - 2414 = -4*y. What is the hundreds digit of y?
6
Let q(g) = 6*g**3 - 4*g**2 + 3*g + 2. Let b(p) = -5*p**3 + 3*p**2 - 3*p - 2. Let u(w) = 5*b(w) + 4*q(w). Let z = 586 - 588. What is the units digit of u(z)?
8
Let u be 72/(-3)*(-1)/(-2). Let l(v) = -v**2 - 10*v + 9. Let y be l(u). Let t = 4 - y. What is the units digit of t?
9
Suppose -4*k - 1693 = -117. Let u be 2/13 - k/(-26). Let d = -14 - u. What is the units digit of d?
1
Suppose -3*c = -5*c - s + 2809, 0 = -2*s + 10. What is the tens digit of c?
0
Let t(n) = n**3 - 14*n**2 + 8*n + 85. What is the tens digit of t(17)?
8
Let r(c) = -c**3 - 3*c**2 + 4*c + 1. Suppose -t = -5*b - 23, -4*b - 2*t = -6*b - 14. Let z be r(b). What is the tens digit of 300/9 + z/(-3)?
3
Suppose -4*d - 2*m = -4*m - 1674, -4*d + 1692 = 4*m. Let h = d + -260. What is the tens digit of h?
6
Suppose -5*h + 851 = -0*s - 3*s, -4*h + s = -685. What is the units digit of h?
2
Suppose 2*x = -2*o + 2460, 2*x - 2*o = 1129 + 1335. What is the hundreds digit of x?
2
Suppose 125 = -4*l - 3*v + 1585, 0 = 2*l - 5*v - 704. What is the hundreds digit of l?
3
Let j(h) = -h**3 + 9*h**2 - 19*h + 13. What is the tens digit of j(5)?
1
Let g(v) = -9*v**2 - 231*v - 49. What is the units digit of g(-22)?
7
Suppose 0*s - 27 = -4*h + s, -4 = -3*h + 4*s. Let p(g) = -g**2 - 4*g. Let f be p(-3). Let i = f + h. What is the units digit of i?
1
Let w(u) = u**2 + 3*u + 3. Let g be w(-4). Suppose 663 + 674 = g*n. What is the units digit of n?
1
Let s(w) = 56*w**3 + w**2 - w + 1. Let g = 7 + -19. Let q be -1*2*6/g. What is the tens digit of s(q)?
5
Let v = 154 - 170. Suppose -96 = -r - 3*r. Let p = v + r. What is the units digit of p?
8
Suppose -v - 5*r + 44 = 0, 0 = 5*v - v - 5*r - 76. Let m be ((-15)/6)/((-3)/v). What is the units digit of 84/30*(m - 0)?
6
Let r = 876 + -544. What is the tens digit of r?
3
Suppose 165 = -3*d - 4*j + 538, -3*d + 4*j = -413. Let o = d - 54. What is the units digit of o?
7
Let m = 38 - 53. Let o be (m/(-6))/(1/(-2)). Let p(w) = -w**3 - 2*w**2 + 5*w + 8. What is the units digit of p(o)?
8
Suppose -4584*z = -4576*z - 25120. What is the thousands digit of z?
3
Let o(w) = 26*w**2 + w + 6. What is the hundreds digit of o(-4)?
4
Let p(z) be the third derivative of z**6/120 - z**5/15 - 7*z**4/24 - 4*z**3/3 + 11*z**2. What is the units digit of p(6)?
2
Let o be 4/(-18) - 58/(-18). Suppose t + 5*c = 29, 2*c = t - o*c + 21. Suppose t*s + m = 85, 3*s - 63 = -3*m + 2*m. What is the tens digit of s?
2
Suppose 11 - 1 = 5*t. Suppose 70 = 2*u - t*c, -2*u + 73 - 6 = -5*c. Suppose -4*k + 123 - 3 = 2*z, z + u = k. What is the units digit of k?
2
Let m(l) = -l - 3. Let p be m(-10). Suppose -3 - 11 = p*u. Let h = 5 - u. What is the units digit of h?
7
Let i(x) = -3*x + 2*x + 4*x + 2 + x**2 + 7. What is the units digit of i(4)?
7
Let g(s) = s**3 + 5*s**2 - 6*s + 5. Let b = -23 - -11. Let a be 6/b - (-11)/(-2). What is the units digit of g(a)?
5
Let z be (1 - 0)*(-6 - -9). Suppose 2*g = 3*i + 21, -g + z*i = -18 + 3. What is the units digit of g?
6
Let f = 19 - -1. Suppose -16*o - 232 = -f*o. What is the tens digit of o?
5
Suppose 10*t = 11 + 9. Suppose -4*u + 200 = -3*i, -i + 82 = 2*u + t*i. What is the units digit of u?
7
Let i be 10 - (-3)/(3/1). Let y = -7 + i. What is the units digit of 25 + (-2 - 0/y)?
3
Let j(i) = i**3 + 8*i**2 + 7*i - 1. Let c be j(-7). Let p(d) = -22*d + 15. Let n(z) = -11*z + 7. Let u(v) = 13*n(v) - 6*p(v). What is the tens digit of u(c)?
1
Let k(b) = b**2 - 3*b - 5. Let t be k(4). Let d be (-17)/((-1 - -2)/t). Let f = d - 11. What is the units digit of f?
6
Let t = -16 + 13. What is the units digit of t*(3 - 34/6)?
8
Let s be (-6)/(-3) + 19 + -2. Let l = 65 - s. What is the units digit of l?
6
Let l(h) = -3*h**2 + 7*h - 478. Let a(r) = 2*r**2 - 5*r + 319. Let n(b) = -7*a(b) - 5*l(b). What is the tens digit of n(0)?
5
Let q = 510 + -142. What is the units digit of q?
8
Let d = -2327 - -3005. What is the hundreds digit of d?
6
Let j(w) = -10*w - 3. Let f(u) = u. Let h = -10 + 9. Let n(d) = h*j(d) - 5*f(d). What is the tens digit of n(3)?
1
Let k = 266 + -82. What is the units digit of k?
4
Let o(y) = 12*y + 30. Suppose 3*f = -2*f + 35. What is the tens digit of o(f)?
1
Let n be (-2368)/(-32) + 1*3. Suppose -2*y + 123 = -n. What is the tens digit of y?
0
Let p(b) = -b**2 - 3*b. Suppose -2*u + 21 = -3*i + 2*u, -5*i - 2*u - 9 = 0. Let x be p(i). Suppose d - 45 + 6 = x. What is the units digit of d?
9
What is the hundreds digit of ((-32)/48)/((-2)/1755)?
5
Let s(a) = -15*a**2 + 2*a + 2. Let q be s(-1). Let h(w) = -w**3 - 13*w**2 + 23*w + 27. What is the units digit of h(q)?
2
Suppose -8 = -o + 5. Let i be (147/(-9))/(-1)*3. Let y = i - o. What is the tens digit of y?
3
Let p = -227 - -365. What is the units digit of 0 + p + 1 - (-8)/2?
3
Suppose -14*x + 19296 = 34*x. What is the tens digit of x?
0
Suppose -2*x = 5*m + 27 - 4, 4*x = 3*m - 7. What is the units digit of (46/(-6))/(1/m)?
3
Let t(c) = 2*c**2 + 47*c - 18. Let z be t(-24). Suppose -g + z + 171 = 0. What is the units digit of g?
7
Let z(c) = 859*c**3 + 4*c**2 - 5*c + 1. What is the units digit of z(1)?
9
Let x(p) = -p - 8. Let f be x(-8). Suppose f = t - 23 - 3. What is the units digit of t?
6
Let c(y) be the second derivative of 23*y**3/3 + 29*y**2/2 + 27*y. What is the units digit of c(3)?
7
Suppose 4*x + 0*x - 12 = 0. Let u(z) = 9*z + 3. Let r be u(x). Suppose 0 = -3*a + 69 + r. What is the tens digit of a?
3
Let r(y) = y**3 + 11*y**2 + 11*y + 19. Let w(p) = 3*p**3 + 21*p**2 + 23*p + 39. Let l(t) = -5*r(t) + 2*w(t). What is the units digit of l(14)?
3
Let y be 261/51 - (-10)/(-85). Let v be ((-26)/(-6))/(1/3). Suppose y*j = -s + 82, j - s - v = 1. What is the units digit of j?
6
Suppose -2*c + 3*m = -1860, -m - 2*m = 0. What is the tens digit of c?
3
Suppose -5*f = -4*k - 1559, 7*k + 3 = 4*k. What is the hundreds digit of f?
3
Let r(i) = -i + 1. Let d be r(1). Suppose -5*p + 232 + 28 = d. What is the tens digit of p?
5
Suppose -5*n = -k + 2, -3*k + 0*n + 58 = -2*n. What is the tens digit of (-1082)/(-22) + (-4)/k?
4
Let g(y) = 48*y + 33. What is the tens digit of g(9)?
6
Suppose -7*z = -6*z - 4. Let p = z - 3. Let c(w) = 27*w**3 + 1. What is the units digit of c(p)?
8
Let n = 11 - -83. Let c = n - 79. What is the tens digit of c?
1
Let h(t) = t + 8. Let w be h(-8). Suppose 5*x + 2*l + 35 = w, 0 = 3*x - 2*l - 2*l + 47. Let k = 34 + x. What is the tens digit of k?
2
What is the tens digit of (-1)/(-6) + (-95407)/(-246)?
8
Let g(i) = 2*i + 29. Let a be g(9). Let m = a + -15. What is the tens digit of m?
3
Let j(g) = 2*g**3 - 12*g**2. Let y(b) = b - 26*b**2 - 4*b**3 + 50*b**2 + 5*b**3 - 4*b**3. Let m(f) = -5*j(f) - 3*y(f). What is the units digit of m(-12)?
6
Suppose -f = -2*f + 3. Suppose 0 = 5*b - 15, -n - 2*b = 3*b - 52. Suppose o + n = c, 2*c - 5*o + 49 = f*c. What is the tens digit of c?
3
Let b(z) be the first derivative of 20*z - 6 + 1/2*z**2. What is the units digit of b(-9)?
1
Let n(t) = t**2 - 11*t - 3. Let o be n(9). Let x be o/(-28) + 61/4. What is the units digit of 4/(x/(-12)) + 5?
2
Let b = -2404 + 3901. What is the thousands digit of b?
1
Suppose 5*d = -4*j + 289, -6*j + 2*j + 316 = -4*d. What is the units digit of j?
6
Let s be (-1886)/(-18) + 24/108. Suppose 3*d - 5*d + 104 = 0. Let h = s - d. What is the tens digit of h?
5
Let f(t) = -603*t + 47. What is the hundreds digit of f(-6)?
6
Let c be (-3 + 1)/((-2)/2). Let l = c - -3. Let z(f) = f**3 - 6*f**2 + 6*f + 2. What is the units digit of z(l)?
7
Suppose -973 - 182 = -7*t. What is the tens digit of t?
6
Suppose 0 = -3*j, 14*d - 10*d + j - 2924 = 0. What is 